 -5*g + 6*g. Give u(g).
8
Suppose -y - 4*c = -30, -5*c = 26 - 31. Let w(u) = u**2 - 26*u - 1. Give w(y).
-1
Let u(p) = p**3 - 7*p**2 + 3. Suppose 22 + 5 = 4*f - 3*z, 2*f = -z + 11. What is u(f)?
-33
Let b(q) be the third derivative of q**4/12 + q**3/6 + q**2. Let u = 88 - 129. Let x = u + 45. Give b(x).
9
Let l(o) be the second derivative of o**4/12 - 5*o**3/6 - 3*o**2/2 - 76*o. What is l(8)?
21
Let d(a) be the third derivative of -a**4/24 - 5*a**3/3 - 7*a**2. Let n be (-4)/(164/40 - 4). Let k = -40 - n. Give d(k).
-10
Let k(p) = -16*p**2 + 61*p**2 - 23*p**2 - 21*p**2 - 3 - p. Let y(m) = -m + 2. Let g be y(2). Suppose 3*r - 5*c + 9 = 0, 5*r - 5*c + 7 + 8 = g. What is k(r)?
9
Suppose 0 = -z - 4, -2*i = -3*z - 2*z - 20. Suppose i = -p - 5. Let u(b) be the first derivative of b**4/4 + 5*b**3/3 - 5*b + 3. What is u(p)?
-5
Let n(d) = -13*d - 17 - 11*d**2 - 6*d**2 + 32*d**2 - 16*d**2. What is n(-11)?
5
Let z(x) be the second derivative of -x**6/180 + x**4/24 - 5*x**3/3 - 4*x. Let b(f) be the second derivative of z(f). Give b(-1).
-1
Let g(o) = 5*o**2 + 5*o + 58. Let q(b) = 3*b**2 + 4*b + 39. Let f(a) = -5*g(a) + 8*q(a). Calculate f(9).
4
Let c(z) = z**3 + 4*z**2. Let y = -34 + 17. Let s = 13 + y. What is c(s)?
0
Let n(q) = 518*q - 1036*q - 2*q**2 + 519*q + 4. Give n(0).
4
Let w(q) = -42*q + 10. Let g be w(0). Let p(r) = -r - 1. Let b(h) = -2*h - 2. Let j(n) = 6*b(n) - 13*p(n). Give j(g).
11
Let m(h) = -10*h - 3. Let k(b) = -2. Let a(r) = k(r) - m(r). Give a(-1).
-9
Let n(a) = a**3 - 4*a**2 - 8*a - 5. Suppose 0 = -14*v + 11*v - 9. Let s be -3*((-12)/(-4))/v + 3. What is n(s)?
19
Let y be 0/2 + -7 + (-7 - -4). Let z be 1/1*(-9 - y). Let h(c) = 2*c. Give h(z).
2
Let w(c) = -2*c**3 + 2*c**2. Let y(f) = -7*f**3 + 20*f**2 - 24*f - 1. Let p(i) = 3*w(i) - y(i). Calculate p(12).
1
Let m(o) = -5*o - 3. Suppose -4*i + 2*w = -42, -4*i + 31 + 17 = -4*w. Suppose -2*b = -0*p - 3*p + i, 4*b = 12. Suppose 5*k + p = -10. Calculate m(k).
12
Let m(b) = 7*b**2 - 14*b - 31. Let k(r) = 4*r**2 - 7*r - 16. Suppose 5*l - 8 - 7 = 0. Let y(q) = l*m(q) - 5*k(q). Give y(9).
5
Let k(h) = 4*h**2 - 1. Suppose 0 = a - 5*a - 6*a. Suppose 5*m - 4*v + 26 = 0, 0 = -4*m - a*v - 2*v. Determine k(m).
15
Let a be (20/15)/(17/((-1989)/52)). Let h(k) = k**2 + 3*k + 4. Let y(i) = i**2 + 3*i + 4. Let v(g) = 4*h(g) - 5*y(g). Calculate v(a).
-4
Let q(i) = -i**2 - 9*i - 9. Let o = -51 + 45. Give q(o).
9
Let q = -1 - -5. Suppose q = 3*d - 11. Suppose 3*l = -d*o - 26, 0 = -5*l - 4*o + o - 22. Let s(a) = a**2 + a + 2. Give s(l).
4
Let t = 79 + -75. Let z(b) = b**3 - 2*b**2 - 6*b + 1. Determine z(t).
9
Let h(f) = f**3 - f. Let r = 55 - 79. Let y(x) = 2*x + 48. Let o be y(r). Determine h(o).
0
Let r = -181 + 183. Let m(k) = 2*k**3 + 2*k**2 - 3*k + 2. Calculate m(r).
20
Suppose 0 = -32*c + 30*c - 10. Let j(z) = -z**2 + z + 5. Determine j(c).
-25
Suppose -4*x = -2*j + 48, 18 + 33 = 2*j - x. Let o = j - 19. Let r(s) = o*s + 9*s**2 - 2 - 6*s**2 - 5*s**2 + s**2. What is r(6)?
4
Let w be ((-4)/12)/(3/9). Let u be (-8 + 1 + 2)*w. Suppose -u*r = -4*r + 4*g - 2, 10 = 2*r + 2*g. Let y(z) = z**2 - 7*z + 3. Determine y(r).
-3
Let a(f) = f**2 - 8*f - 2. Let x be (3/5)/(1/20). Let h(w) = w - 3. Let r be h(x). What is a(r)?
7
Let y(g) = 8*g**2 + g + 1. Let m = 32 + -24. Let b be (10 - m)/(1*-2). Determine y(b).
8
Let r(z) = 17*z**2 + 13 - 565*z + 281*z + z**3 + 285*z. What is r(-17)?
-4
Let a(b) = -b + 8. Suppose 0 = 5*r - 3 + 13. Let o be r/(3/(15/2)). Let k = o - -13. Determine a(k).
0
Suppose 14 + 10 = -4*l. Let v be (2 - (-4 + 6))/(-1). Let w(j) = -8 + 5 + v - 2*j. Calculate w(l).
9
Let n(y) be the second derivative of y**2 + 0 + 1/20*y**5 + 1/12*y**4 + 11*y + 1/6*y**3. Calculate n(0).
2
Suppose 3*b = -3*a + 12 - 0, -5*b = -2*a - 13. Suppose k + b*k = 0. Let l = k - -1. Let o(r) = 12*r. Calculate o(l).
12
Suppose -4*f = 4*v + 16, -9 + 3 = 2*f. Let d(m) = 3*m**3 + 2*m + 1. Calculate d(v).
-4
Let i = 3 - 2. Let g(b) = -b**3 - 3 - i - 2 - 1. Let q(u) = -u + 16. Let x be q(16). Determine g(x).
-7
Let w(r) = r**3 + 6*r**2 - r - 1. Let m(d) = -2*d**3 - 11*d**2 + 3*d + 4. Let t(s) = 2*m(s) + 5*w(s). What is t(-8)?
-5
Let r(y) = -4*y - 3. Let b be r(-2). Let q = 8 - b. Let h(l) = l + 2 - q + 0. Calculate h(-3).
-4
Let l(a) = 4863*a**2 + 4*a + a**3 - 2427*a**2 + 2 - 2432*a**2. What is l(-2)?
2
Let n(j) = j + 13. Suppose 0*x + 22 = -l - 5*x, -2*x - 19 = -3*l. Let v = -16 + 13. Let w be 12/v + 1 + l. Give n(w).
13
Let u(t) be the first derivative of t**3 - t - 13. Let r be u(-1). Let d(s) = -5 - 4*s**r + s**3 + 3*s - s + 6. Calculate d(2).
-3
Let i be (-1 + 0)/((-22)/924). Let y = i - 38. Let x(z) = z**2 - 2*z + 1. Calculate x(y).
9
Let x(i) = 9*i**3 - 7*i**2 - 19*i + 43. Let v(m) = -5*m**3 + 3*m**2 + 9*m - 23. Let h(z) = 7*v(z) + 4*x(z). Determine h(8).
-29
Let b be -11 - ((4 - 3) + -4). Let r = 12 + b. Let j(h) = 1 - h + h + h + 5 - 5. Calculate j(r).
5
Let w(j) = j**2 - 8*j + 14. Suppose -3*c = 0, 5*r - 46 = c - 16. Let v be w(r). Let a(g) = 7*g - v + 0 + 8 + 0 + g**2. Determine a(-5).
-4
Let r be (2 - 14/4)*4. Let x be -2*r/4*-1. Let j(a) be the third derivative of a**5/30 + a**4/8 - 2*a**3/3 + 2*a**2 - 108. What is j(x)?
5
Suppose -4*h + 16*h - 72 = 0. Let l(n) be the first derivative of n**4/4 - 5*n**3/3 - 3*n**2 + 7*n - 1. Give l(h).
7
Let w(c) = c**2 + 5*c - 17. Let n(t) = 3*t + 2. Let y be n(-3). Let l be w(y). Let k(g) = g**3 + 3*g**2 - 1. Calculate k(l).
-1
Let u(a) = 2*a**2 - 31*a - 15. Let s be u(16). Let l(x) = 17*x - 1. Calculate l(s).
16
Let d(u) = 6*u + u - 1 - 3*u - 6*u + u. Let n = -6 + 11. What is d(n)?
-6
Let w(j) = -13*j - 1. Let d = 261 - 262. Give w(d).
12
Let s(a) = -2*a - 5 - 4 + 4. Let z be (1 + 1)/(-1) - 84/42. Let y(w) = -3*w - 5. Let f(l) = z*y(l) + 5*s(l). What is f(-4)?
-13
Let t(s) = 0*s**2 - 3 + s - s**2 - 4. Suppose -2*x = 4*q - 3*q - 7, 2*q + 3*x = 11. Let v be (-1 + q)*3/6. Calculate t(v).
-7
Let a(g) = -13*g**3 - 29*g**2 + 21*g + 1. Let f(q) = 5*q**3 + 10*q**2 - 7*q. Let r(c) = 3*a(c) + 8*f(c). Give r(6).
9
Let s(j) = j**3 + 17*j**2 + 14*j - 28. Let i be s(-16). Suppose -10*r + 5*r + 2*g = 11, -i = 2*g. Let z(x) = x**3 + 3*x**2 - x - 1. What is z(r)?
2
Let m = 6 + -1. Let i(c) be the first derivative of -c**4/4 + 5*c**3/3 - c**2/2 - c + 7. Let p be i(m). Let h(z) = 2*z + 9. Give h(p).
-3
Let l(o) = 2*o**3 + 21*o**2 - 10*o + 13. Let x be l(-11). Let h(r) = r**3 - r**2 + 1. What is h(x)?
5
Let i(j) be the second derivative of -j**5/20 - j**4/2 + 5*j**3/6 - 5*j**2 + 8*j - 3. Give i(-7).
4
Let l(v) = -3*v + 82. Let u be l(26). Let h(x) = -x**3 + 4*x**2 + 3*x - 1. What is h(u)?
11
Let a(y) = 128*y - 11*y**2 - 75*y - 64*y - 13 + y**3. Determine a(12).
-1
Let j(k) = -1 - 59934*k**2 + 2*k + 59934*k**2 - k**3 + 3. Let g(m) = m**2 + 3*m. Let z be g(-2). What is j(z)?
6
Let y(a) be the first derivative of -a**4/4 + 5*a**3/3 - a**2 - 9*a - 115. What is y(4)?
-1
Let h(t) = 2*t**3 - 4*t**2 + 2*t + 2. Let d(w) = w**2 - 4*w - 3. Let y(q) = -q + 10. Let z be y(11). Let p be d(z). Calculate h(p).
6
Let c be (36/(-16))/((-9)/24). Suppose c*g - 10 = 11*g. Let f(j) = j**2 + 1 - 2*j**2 + 0 + 2 + 2*j. Calculate f(g).
-5
Let x(o) = 8*o - 9. Suppose 0 = -4*f - a - 77 + 95, 4*f - 4*a = 8. Give x(f).
23
Let z(h) be the first derivative of 3*h**2 + 3*h - 1 - 1/3*h**3. Let s = 11 + -4. Give z(s).
-4
Let m(l) be the third derivative of -l**5/60 - 13*l**4/24 - 3*l**3 - 336*l**2. Give m(-12).
-6
Let j(s) = -8*s + 9. Suppose 8*o - 3*a - 37 = 4*o, 3*a + 2 = -o. Give j(o).
-47
Suppose -33 = 10*t + 57. Let g(n) = -n**2 - 7*n + 14. Determine g(t).
-4
Suppose 10*x - 645 = 15*x. Let t = 121 + x. Let y(g) = -2*g - 10. Give y(t).
6
Suppose 3*f - 2 = -14. Let a(i) = i**2 + i + 2. Let z be a(0). Let b(w) = 4 + 2 + 3*w - z. Determine b(f).
-8
Let s(r) = -209*r - 6. Let h(q) = -157*q - 5. Let j(c) = 4*h(c) - 3*s(c). Let w = -1 + 1. Suppose 0 = -w*m - 4*m. What is j(m)?
-2
Let b(u) = 3 - 2*u - 7 - u. Let h be b(-2). Let p(n) = -6*n - 1 + 2*n**2 + n - 3*n**h + 0*n**2. Calculate p(-6).
-7
Let q(l) = l**3 - 3*l**2 + 4*l - 3. Suppose -5*f - 21 + 16 = 0. Suppose -5*a + 0 = -5. Let m = a - f. What is q(m)?
1
Let k(h) = -h**2 - 2 - 4 - 3 + 23 - 4. Give k(0).
10
Let w(v) = 2*v**2 - 2*v + 1. Suppose 4*z - 31 = 9. Suppose -2*o + 0*o = -